9 (base 13) to base 15
9
Convert -2000 (base 5) to base 4.
-3322
What is a5 (base 13) in base 5?
1020
What is -10 (base 3) in base 7?
-3
Convert 2 (base 4) to base 15.
2
What is -44 (base 5) in base 3?
-220
What is -36 (base 15) in base 16?
-33
Convert -13 (base 9) to base 7.
-15
What is 10 (base 6) in base 12?
6
What is 1c (base 13) in base 5?
100
What is -3 (base 5) in base 12?
-3
-1 (base 13) to base 16
-1
36 (base 14) to base 13
39
What is 23 (base 10) in base 7?
32
What is -10 (base 2) in base 10?
-2
5 (base 8) to base 16
5
What is -40 (base 9) in base 12?
-30
Convert -110 (base 2) to base 14.
-6
-106 (base 7) to base 14
-3d
Convert -142 (base 12) to base 14.
-dc
Convert 6 (base 7) to base 4.
12
What is -1c (base 15) in base 16?
-1b
Convert 352 (base 6) to base 14.
a0
Convert -3 (base 13) to base 16.
-3
What is 14 (base 12) in base 15?
11
What is -21 (base 12) in base 13?
-1c
6 (base 16) to base 7
6
What is 5 (base 9) in base 3?
12
What is -7 (base 11) in base 8?
-7
Convert -10 (base 3) to base 15.
-3
What is -1d (base 16) in base 13?
-23
-1210 (base 3) to base 12
-40
-11 (base 10) to base 3
-102
101 (base 2) to base 13
5
1 (base 12) to base 6
1
What is -1 (base 15) in base 14?
-1
-a (base 16) to base 3
-101
What is 205 (base 8) in base 11?
111
Convert 1 (base 7) to base 5.
1
Convert -17 (base 11) to base 13.
-15
What is -3 (base 16) in base 6?
-3
Convert 17 (base 9) to base 13.
13
1001010 (base 2) to base 3
2202
Convert 0 (base 11) to base 6.
0
-6 (base 15) to base 9
-6
5 (base 11) to base 4
11
Convert 324 (base 5) to base 6.
225
What is 26 (base 7) in base 2?
10100
What is 100 (base 2) in base 9?
4
-57 (base 10) to base 14
-41
What is 23 (base 14) in base 8?
37
Convert 48 (base 12) to base 13.
44
What is 350 (base 7) in base 4?
2312
What is -13d (base 15) in base 7?
-553
Convert -1 (base 10) to base 2.
-1
Convert -3 (base 5) to base 16.
-3
Convert -78 (base 10) to base 3.
-2220
What is 10 (base 10) in base 12?
a
Convert -13 (base 14) to base 5.
-32
What is 8c (base 15) in base 5?
1012
-1 (base 15) to base 2
-1
1 (base 6) to base 8
1
What is 3 (base 14) in base 6?
3
Convert 6a (base 16) to base 5.
411
-101 (base 4) to base 8
-21
What is -14 (base 8) in base 7?
-15
-7 (base 15) to base 10
-7
Convert -25 (base 8) to base 13.
-18
What is 48 (base 10) in base 7?
66
Convert -74 (base 8) to base 14.
-44
-52 (base 11) to base 9
-63
354 (base 7) to base 6
510
What is 17 (base 11) in base 14?
14
Convert 0 (base 14) to base 8.
0
What is 2 (base 8) in base 11?
2
7 (base 16) to base 7
10
ab (base 14) to base 7
304
4 (base 14) to base 11
4
-49 (base 12) to base 5
-212
10 (base 6) to base 15
6
Convert -44 (base 6) to base 3.
-1001
Convert -b2 (base 12) to base 9.
-158
What is 15 (base 14) in base 11?
18
Convert 0 (base 7) to base 13.
0
Convert 5 (base 14) to base 16.
5
Convert -4 (base 10) to base 11.
-4
-5 (base 12) to base 2
-101
What is 2 (base 16) in base 10?
2
Convert 3 (base 15) to base 12.
3
Convert -25 (base 15) to base 11.
-32
-12 (base 3) to base 14
-5
2 (base 7) to base 9
2
Convert 121 (base 4) to base 9.
27
Convert -13 (base 6) to base 5.
-14
-11 (base 2) to base 3
-10
204 (base 8) to base 14
96
Convert 1010101 (base 2) to base 10.
85
Convert 167 (base 11) to base 12.
142
-8 (base 9) to base 16
-8
Convert -4 (base 15) to base 4.
-10
-4 (base 12) to base 5
-4
Convert -5 (base 9) to base 3.
-12
Convert -18 (base 16) to base 15.
-19
Convert 6 (base 7) to base 3.
20
Convert -17 (base 15) to base 6.
-34
10 (base 2) to base 13
2
Convert -3 (base 7) to base 6.
-3
What is 210 (base 3) in base 14?
17
Convert -2 (base 11) to base 12.
-2
What is 41 (base 15) in base 16?
3d
Convert 20 (base 6) to base 7.
15
7 (base 11) to base 2
111
33 (base 16) to base 5
201
-41 (base 6) to base 10
-25
Convert -25 (base 10) to base 11.
-23
Convert 3 (base 9) to base 16.
3
What is 10 (base 2) in base 15?
2
-11011 (base 2) to base 16
-1b
-8 (base 13) to base 16
-8
201 (base 3) to base 11
18
What is -2 (base 13) in base 6?
-2
Convert 15 (base 13) to base 10.
18
What is 6 (base 7) in base 13?
6
-1 (base 2) to base 10
-1
What is 0 (base 12) in base 4?
0
Convert 131 (base 10) to base 12.
ab
What is -12 (base 5) in base 8?
-7
What is 26 (base 9) in base 8?
30
Convert 4 (base 7) to base 14.
4
Convert 1 (base 10) to base 13.
1
143 (base 5) to base 12
40
What is -10 (base 4) in base 5?
-4
Convert 0 (base 13) to base 4.
0
-c (base 13) to base 7
-15
Convert 10 (base 2) to base 13.
2
What is 49 (base 11) in base 9?
58
0 (base 14) to base 8
0
Convert -47 (base 10) to base 6.
-115
Convert 1 (base 13) to base 12.
1
-1 (base 13) to base 10
-1
13 (base 4) to base 11
7
-325 (base 9) to base 15
-12b
-12 (base 5) to base 3
-21
What is 81 (base 9) in base 7?
133
17 (base 15) to base 3
211
What is 1 (base 11) in base 13?
1
137 (base 11) to base 13
c5
Convert -1001001 (base 2) to base 14.
-53
What is 1 (base 14) in base 5?
1
2d (base 15) to base 16
2b
What is 24 (base 11) in base 14?
1c
Convert -15 (base 12) to base 7.
-23
-12 (base 11) to base 13
-10
Convert -111 (base 5) to base 6.
-51
Convert -3 (base 4) to base 6.
-3
0 (base 5) to base 2
0
-86 (base 12) to base 9
-123
31 (base 11) to base 15
24
What is -10 (base 16) in base 12?
-14
d8 (base 15) to base 4
3023
-215 (base 7) to base 3
-11002
What is -4d (base 14) in base 8?
-105
What is 3 (base 11) in base 9?
3
19 (base 10) to base 9
21
What is 3200 (base 5) in base 9?
522
10 (base 4) to base 3
11
4 (base 7) to base 12
4
Convert -232 (base 4) to base 9.
-51
What is 475 (base 8) in base 12?
225
2 (base 10) to base 2
10
What is 5 (base 13) in base 16?
5
Convert -1 (base 15) to base 5.
-1
Convert -5 (base 11) to base 9.
-5
What is 1102 (base 3) in base 7?
53
Convert -7 (base 15) to base 13.
-7
What is 3 (base 14) in base 12?
3
What is -5 (base 14) in base 6?
-5
What is -1 (base 3) in base 9?
-1
-110 (base 2) to base 5
-11
363 (base 8) to base 7
465
What is 0 (base 16) in base 3?
0
What is a (base 14) in base 8?
12
What is 6 (base 10) in base 9?
6
Convert 1121 (base 3) to base 11.
3a
-1 (base 10) to base 15
-1
-160 (base 9) to base 2
-10000111
What is -37 (base 12) in base 5?
-133
Convert 2 (base 4) to base 7.
2
What is -8 (base 9) in base 15?
-8
Convert -45 (base 8) to base 11.
-34
Convert -7 (base 14) to base 2.
-111
Convert -100111 (base 2) to base 14.
-2b
Convert 8 (base 9) to base 16.
8
9 (base 10) to base 3
100
Convert -100 (base 2) to base 3.
-11
Convert -3 (base 12) to base 14.
-3
What is 3 (base 10) in base 9?
3
-2 (base 4) to base 16
-2
76 (base 10) to base 3
2211
What is -4e (base 15) in base 7?
-134
What is 15 (base 8) in base 2?
1101
What is 1d (base 14) in base 8?
33
5 (base 11) to base 6
5
What is -30 (base 4) in base 10?
-12
10 (base 12) to base 7
15
Convert -5 (base 11) to base 2.
-101
-11 (base 13) to base 3
-112
35 (base 12) to base 3
1112
What is 55 (base 7) in base 10?
40
-15 (base 16) to base 12
-19
What is 117 (base 8) in base 5?
304
2a6 (base 11) to base 7
1021
What is 20 (base 10) in base 11?
19
Convert -25 (base 7) to base 5.
-34
What is -10 (base 9) in base 15?
-9
Convert 2 (base 7) to base 12.
2
What is 3 (base 5) in base 8?
3
1321 (base 4) to base 10
121
What is 352 (base 8) in base 11?
1a3
What is -181 (base 9) in base 5?
-1104
Convert -10 (base 2) to base 12.
-2
1101 (base 2) to base 6
21
-103 (base 5) to base 9
-31
Convert 42 (base 14) to base 16.
3a
Convert -11 (base 7) to base 14.
-8
What is -116 (base 8) in base 9?
-86
Convert -248 (base 11) to base 13.
-198
What is -3 (base 4) in base 12?
-3
What is 102 (base 3) in base 12?
b
55 (base 16) to base 5
320
What is -38 (base 13) in base 8?
-57
3 (base 6) to base 7
3
Convert -13 (base 15) to base 5.
-33
What is 3 (base 16) in base 15?
3
220 (base 3) to base 9
26
Convert -2 (base 16) to base 3.
-2
What is 102 (base 3) in base 4?
23
Convert 3 (base 4) to base 3.
10
-5 (base 14) to base 9
-5
-2a (base 11) to base 16
-20
What is -11 (base 12) in base 11?
-12
What is 2 (base 5) in base 15?
2
-58 (base 11) to base 4
-333
What is -55 (base 11) in base 16?
-3c
111000 (base 2) to base 16
38
Convert b (base 15) to base 11.
10
23 (base 15) to base 6
53
What is 10000110 (base 2) in base 14?
98
-212 (base 10) to base 5
-1322
-6 (base 9) to base 3
-20
Convert -130 (base 4